of 15169.
7, 11, 197
List the prime factors of 1396.
2, 349
What are the prime factors of 19727?
19727
List the prime factors of 6455.
5, 1291
List the prime factors of 1051.
1051
What are the prime factors of 1329?
3, 443
List the prime factors of 841.
29
What are the prime factors of 6593?
19, 347
List the prime factors of 13593.
3, 23, 197
List the prime factors of 1970.
2, 5, 197
List the prime factors of 705.
3, 5, 47
List the prime factors of 3598.
2, 7, 257
What are the prime factors of 53766?
2, 3, 29, 103
What are the prime factors of 2040?
2, 3, 5, 17
List the prime factors of 136358.
2, 29, 2351
What are the prime factors of 16231?
16231
What are the prime factors of 110852?
2, 7, 37, 107
List the prime factors of 1160.
2, 5, 29
What are the prime factors of 290?
2, 5, 29
List the prime factors of 4155.
3, 5, 277
What are the prime factors of 2428?
2, 607
What are the prime factors of 29352?
2, 3, 1223
What are the prime factors of 24179?
24179
What are the prime factors of 7441?
7, 1063
What are the prime factors of 3783?
3, 13, 97
What are the prime factors of 1179?
3, 131
List the prime factors of 14944.
2, 467
What are the prime factors of 1010?
2, 5, 101
What are the prime factors of 3669?
3, 1223
List the prime factors of 7817.
7817
What are the prime factors of 660?
2, 3, 5, 11
List the prime factors of 2255.
5, 11, 41
What are the prime factors of 66655?
5, 13331
What are the prime factors of 127?
127
What are the prime factors of 4202?
2, 11, 191
What are the prime factors of 3776?
2, 59
List the prime factors of 1474.
2, 11, 67
What are the prime factors of 956?
2, 239
What are the prime factors of 135?
3, 5
What are the prime factors of 2947?
7, 421
List the prime factors of 56166.
2, 3, 11, 23, 37
What are the prime factors of 1834?
2, 7, 131
List the prime factors of 1141.
7, 163
List the prime factors of 5477.
5477
What are the prime factors of 1735?
5, 347
What are the prime factors of 3154?
2, 19, 83
List the prime factors of 6188.
2, 7, 13, 17
What are the prime factors of 46042?
2, 23021
What are the prime factors of 2534?
2, 7, 181
What are the prime factors of 10906?
2, 7, 19, 41
What are the prime factors of 22828?
2, 13, 439
List the prime factors of 92801.
92801
What are the prime factors of 28422?
2, 3, 1579
What are the prime factors of 53741?
61, 881
List the prime factors of 214.
2, 107
What are the prime factors of 16842?
2, 3, 7, 401
List the prime factors of 16.
2
List the prime factors of 16987.
16987
What are the prime factors of 3606?
2, 3, 601
What are the prime factors of 14691?
3, 59, 83
List the prime factors of 917.
7, 131
What are the prime factors of 63?
3, 7
What are the prime factors of 1875?
3, 5
What are the prime factors of 71953?
7, 19, 541
What are the prime factors of 8458?
2, 4229
What are the prime factors of 6583?
29, 227
What are the prime factors of 8892?
2, 3, 13, 19
List the prime factors of 5432.
2, 7, 97
What are the prime factors of 7247?
7247
List the prime factors of 1063.
1063
List the prime factors of 7970.
2, 5, 797
List the prime factors of 7395.
3, 5, 17, 29
What are the prime factors of 449?
449
What are the prime factors of 2745?
3, 5, 61
What are the prime factors of 6641?
29, 229
What are the prime factors of 48041?
7, 6863
List the prime factors of 5839.
5839
List the prime factors of 6347.
11, 577
List the prime factors of 89684.
2, 7, 3203
List the prime factors of 67749.
3, 11, 2053
List the prime factors of 11131.
11131
What are the prime factors of 4637?
4637
List the prime factors of 1083.
3, 19
List the prime factors of 690.
2, 3, 5, 23
What are the prime factors of 18189?
3, 43, 47
What are the prime factors of 3432?
2, 3, 11, 13
What are the prime factors of 8360?
2, 5, 11, 19
What are the prime factors of 27514?
2, 13757
List the prime factors of 1443.
3, 13, 37
What are the prime factors of 1289?
1289
List the prime factors of 156920.
2, 5, 3923
List the prime factors of 38301.
3, 17, 751
List the prime factors of 97964.
2, 19, 1289
List the prime factors of 5169.
3, 1723
What are the prime factors of 84457?
84457
What are the prime factors of 5239?
13, 31
What are the prime factors of 37395?
3, 5, 277
What are the prime factors of 13578?
2, 3, 31, 73
List the prime factors of 8420.
2, 5, 421
What are the prime factors of 98333?
107, 919
What are the prime factors of 665?
5, 7, 19
What are the prime factors of 1149?
3, 383
What are the prime factors of 6722?
2, 3361
List the prime factors of 221.
13, 17
List the prime factors of 17234.
2, 7, 1231
What are the prime factors of 1974?
2, 3, 7, 47
What are the prime factors of 843?
3, 281
List the prime factors of 30587.
73, 419
What are the prime factors of 3519?
3, 17, 23
List the prime factors of 3407.
3407
List the prime factors of 814.
2, 11, 37
List the prime factors of 8063.
11, 733
List the prime factors of 505.
5, 101
List the prime factors of 145156.
2, 11, 3299
What are the prime factors of 3111?
3, 17, 61
List the prime factors of 62744.
2, 11, 23, 31
What are the prime factors of 215?
5, 43
List the prime factors of 691.
691
What are the prime factors of 2081?
2081
List the prime factors of 774.
2, 3, 43
List the prime factors of 1695.
3, 5, 113
List the prime factors of 1618.
2, 809
List the prime factors of 3546.
2, 3, 197
List the prime factors of 2413.
19, 127
List the prime factors of 8716.
2, 2179
List the prime factors of 81345.
3, 5, 11, 17, 29
List the prime factors of 19497.
3, 67, 97
List the prime factors of 14258.
2, 7129
List the prime factors of 23286.
2, 3, 3881
What are the prime factors of 43812?
2, 3, 1217
List the prime factors of 521.
521
List the prime factors of 1592.
2, 199
What are the prime factors of 2979?
3, 331
What are the prime factors of 1786?
2, 19, 47
List the prime factors of 2021.
43, 47
List the prime factors of 51734.
2, 25867
List the prime factors of 64151.
64151
What are the prime factors of 55077?
3, 11, 1669
What are the prime factors of 1495?
5, 13, 23
What are the prime factors of 242?
2, 11
List the prime factors of 2698.
2, 19, 71
List the prime factors of 28650.
2, 3, 5, 191
List the prime factors of 1338.
2, 3, 223
List the prime factors of 59173.
47, 1259
What are the prime factors of 6?
2, 3
List the prime factors of 1773.
3, 197
What are the prime factors of 14104?
2, 41, 43
What are the prime factors of 49855?
5, 13, 59
List the prime factors of 13646.
2, 6823
What are the prime factors of 7194?
2, 3, 11, 109
List the prime factors of 16242.
2, 3, 2707
What are the prime factors of 3665?
5, 733
List the prime factors of 1755.
3, 5, 13
What are the prime factors of 2103?
3, 701
List the prime factors of 3736.
2, 467
What are the prime factors of 26233?
37, 709
What are the prime factors of 18507?
3, 31, 199
List the prime factors of 39364.
2, 13, 757
List the prime factors of 7650.
2, 3, 5, 17
What are the prime factors of 991?
991
List the prime factors of 4587.
3, 11, 139
List the prime factors of 28928.
2, 113
List the prime factors of 10697.
19, 563
List the prime factors of 26309.
26309
What are the prime factors of 1843?
19, 97
List the prime factors of 1327.
1327
List the prime factors of 74725.
5, 7, 61
List the prime factors of 137054.
2, 17, 29, 139
What are the prime factors of 3639?
3, 1213
List the prime factors of 74454.
2, 3, 12409
List the prime factors of 6450.
2, 3, 5, 43
What are the prime factors of 42?
2, 3, 7
What are the prime factors of 627?
3, 11, 19
What are the prime factors of 5650?
2, 5, 113
List the prime factors of 19480.
2, 5, 487
List the prime factors of 90372.
2, 3, 17, 443
List the prime factors of 948.
2, 3, 79
List the prime factors of 148550.
2, 5, 2971
List the prime factors of 18508.
2, 7, 661
What are the prime factors of 2038?
2, 1019
What are the prime factors of 5668?
2, 13, 109
What are the prime factors of 79928?
2, 97, 103
List the prime factors of 45853.
45853
What are the prime factors of 3566?
2, 1783
List the prime factors of 9414.
2, 3, 523
List the prime factors of 29958.
2, 3, 4993
What are the prime factors of 689?
13, 53
What are the prime factors of 4555?
5, 911
List the prime factors of 21070.
2, 5, 7, 43
What are the prime factors of 6980?
2, 5, 349
List the prime factors of 1733